{"id":2156,"date":"2024-06-24T14:50:18","date_gmt":"2024-06-24T12:50:18","guid":{"rendered":"https:\/\/bibliotekutvikling.no\/kunnskapsorganisering\/?page_id=2156"},"modified":"2025-09-03T13:31:50","modified_gmt":"2025-09-03T11:31:50","slug":"nasjonalt-samarbeid-om-lanerregister-og-bibliotekkortet","status":"publish","type":"page","link":"https:\/\/bibliotekutvikling.no\/kunnskapsorganisering\/nasjonalt-samarbeid-om-lanerregister-og-bibliotekkortet\/","title":{"rendered":"Nasjonalt samarbeid om l\u00e5nerregister og Bibliotekkortet"},"content":{"rendered":"\n<h2 class=\"wp-block-heading\" id=\"h-beskrivelse-og-formal-nbsp\">Beskrivelse og form\u00e5l&nbsp;<\/h2>\n\n\n\n<p>Nasjonalt l\u00e5nerregister er et felles l\u00e5nerregister for brukere ved bibliotek i Norge. Ved \u00e5 bli registrert i dette registeret f\u00e5r brukerne flere fordeler.&nbsp;<\/p>\n\n\n\n<ul class=\"wp-block-list\">\n<li>De kan benytte l\u00e5nenummeret til \u00e5 bli l\u00e5ner ved alle bibliotek i Norge.&nbsp;&nbsp;<\/li>\n\n\n\n<li>De kan bestille fjernl\u00e5n fra Biblioteks\u00f8k og bibliotek kan benytte Biblioteks\u00f8k for \u00e5 bestille l\u00e5n fra andre bibliotek.&nbsp;&nbsp;<\/li>\n\n\n\n<li>De kan benytte Filmbib som er en str\u00f8mmetjeneste driftet av Norsk Filminstitutt.<\/li>\n\n\n\n<li>Andre digitale tjenester autentiserer mot dette registeret. Det vil si at om en bruker kun er en lokal l\u00e5ner ved et bibliotek vil hen ikke kunne benytte seg av disse tjenestene.&nbsp;&nbsp;<\/li>\n<\/ul>\n\n\n\n<p>Det nasjonale l\u00e5nerregisteret er koblet til Folkeregisteret for \u00e5 sikre korrekte opplysninger.&nbsp;&nbsp;<\/p>\n\n\n\n<p>En bruker kan registrere seg selv p\u00e5 https:\/\/www.bibliotekkortet.no\/&nbsp;<\/p>\n\n\n\n<p>Disse brukerne vil ved registrering f\u00e5 et digitalt l\u00e5nekort kalt Bibliotekkortet. Dette kan byttes i et trykt kort p\u00e5 et bibliotek.&nbsp;&nbsp;<\/p>\n\n\n\n<p>Nasjonalbiblioteket tilbyr bibliotekene et felles design. De er ikke n\u00f8dt til \u00e5 benytte seg av det.&nbsp;&nbsp;<\/p>\n\n\n\n<h2 class=\"wp-block-heading\" id=\"h-folgende-opplysninger-registreres-pa-hver-bruker-nbsp\">F\u00f8lgende opplysninger registreres p\u00e5 hver bruker:&nbsp;<\/h2>\n\n\n\n<ul class=\"wp-block-list\">\n<li>L\u00e5nenummer&nbsp;<\/li>\n\n\n\n<li>Navn&nbsp;<\/li>\n\n\n\n<li>F\u00f8dselsnummer eller D-nummer&nbsp;<\/li>\n\n\n\n<li>Adresseopplysninger&nbsp;<\/li>\n\n\n\n<li>Telefonnummer&nbsp;<\/li>\n\n\n\n<li>E-postadresse&nbsp;<\/li>\n\n\n\n<li>Hvilke bibliotek man er l\u00e5ner ved&nbsp;<\/li>\n<\/ul>\n\n\n\n<p><\/p>\n\n\n\n<p>N\u00e5r Bibliotekkortet skal brukes f\u00f8rste gang i et nytt bibliotek, m\u00e5 kortet aktiveres i dette biblioteket. Dette er fordi norske bibliotek har forskjellige l\u00e5neregler, og ny bruker m\u00e5 godta lokale l\u00e5neregler.\u202fNoen steder m\u00e5 man m\u00f8te opp fysisk p\u00e5 biblioteket, mens andre bibliotek bruker digital godkjenning.&nbsp;<\/p>\n\n\n\n<p>Alle digitale tjenester og e-ressurser er i dag kj\u00f8pt og knyttet opp til det enkelte bibliotek, og ikke nasjonalt (bortsett fra Bibs\u00f8k og Filmbib).&nbsp;<\/p>\n\n\n\n<h3 class=\"wp-block-heading\" id=\"h-hjemmebibliotek\">Hjemmebibliotek<\/h3>\n\n\n\n<p>Dersom brukeren er fysisk i et bibliotek og oppretter l\u00e5nekort der, blir dette biblioteket automatisk brukerens hjemmebibliotek. Ogs\u00e5 om en blir l\u00e5ner p\u00e5 nett fra et biblioteks egen hjemmeside.<\/p>\n\n\n\n<p>Dersom brukeren registrerer seg p\u00e5 bibliotekkortet.no blir hen ikke automatisk l\u00e5ner ved noe bibliotek. Hen m\u00e5 selv bruke l\u00e5nenummeret sitt til \u00e5 bli l\u00e5ner ved \u00f8nsket bibliotek.<\/p>\n\n\n\n<p>Man kan bli l\u00e5ner ved s\u00e5 mange bibliotek man \u00f8nsker. S\u00e5 fort man er lagt til ved et nytt bibliotek vil ogs\u00e5 det dukke opp i listen \u00abMine bibliotek\u00bb. Man kan deretter endre hvilket bibliotek som skal v\u00e6re hjemmebibliotek.\u00a0<\/p>\n\n\n\n<p>Brukerens hjemmebibliotek styrer flere ting:<\/p>\n\n\n\n<ul class=\"wp-block-list\">\n<li>Om en l\u00e5ner bestiller en bok p\u00e5 fjernl\u00e5n, vil den automatisk bli sendt til det biblioteket l\u00e5neren har satt som sitt hjemmebibliotek.<\/li>\n\n\n\n<li>L\u00e5neren f\u00e5r bare tilgang til den delen av Bookbites som hjemmebiblioteket tilbyr.<\/li>\n\n\n\n<li>For \u00e5 f\u00e5 tilgang til Filmoteket m\u00e5 en ikke bare v\u00e6re l\u00e5ner ved et bibliotek som abonnerer p\u00e5 Filmoteket. Det biblioteket m\u00e5 ogs\u00e5 settes som l\u00e5nerens hjemmebibliotek. Hvis ikke f\u00e5r ikke l\u00e5neren tilgang.<\/li>\n<\/ul>\n\n\n\n<h2 class=\"wp-block-heading\" id=\"h-personvern-og-autentisering-nbsp\">Personvern og autentisering&nbsp;<\/h2>\n\n\n\n<p>Utvekslingen fra det felles nasjonale l\u00e5nerregisteret gj\u00f8res i kryptert form og bare mellom betrodde parter der forholdet reguleres av en databehandleravtale. F\u00f8r brukeren godkjenner \u00e5 bli l\u00e5ner ved et bibliotek, blir det kun utvekslet et minimum av informasjon for identifisering. Det blir aldri utvekslet opplysninger om utl\u00e5n, utest\u00e5ende purringer eller erstatningskrav.&nbsp;<\/p>\n\n\n\n<p>For \u00e5 registrere seg m\u00e5 brukeren benytte ID-porten. Dette for \u00e5 sikre at rett personnummer blir registrert. Hvor mye som er synlig av personopplysningene er avhengig av hvilken metode som benyttes for innlogging. Fullt innsyn f\u00e5r man f\u00f8rst ved innlogging med ID-porten. Endring av personopplysninger, pinkode eller passord krever i tillegg en engangskode som blir sendt pr e-post eller sms.&nbsp;<\/p>\n\n\n\n<p>Brukeren kan slette sin innf\u00f8rsel i det nasjonale registeret for bibliotekkortet. Men siden hen kan ha utest\u00e5ende l\u00e5n, purringer, erstatningskrav eller annet vil hen fortsatt v\u00e6re l\u00e5ner ved de ulike bibliotekene. Dette vil hen f\u00e5 beskjed om ved utmelding, sammen med en liste over hvilke bibliotek hen fortsatt er l\u00e5ner ved.&nbsp;<\/p>\n\n\n\n<p>Om hen ikke har benyttet seg av kortet p\u00e5 tre \u00e5r blir hen slettet fra registeret. Hen f\u00e5r et varsel 30 dager i forkant. All aktivitet blir regnet med, som utl\u00e5n, bestillinger og de ulike tjenestene for l\u00e5n av e-b\u00f8ker, film, osv.&nbsp;&nbsp;<\/p>\n\n\n\n<p><a href=\"https:\/\/www.bibliotekkortet.no\/personvern\">Personvernerkl\u00e6ringen kan leses p\u00e5 siden for Bibliotekkortet. <\/a><\/p>\n","protected":false},"excerpt":{"rendered":"","protected":false},"author":6868,"featured_media":0,"parent":0,"menu_order":0,"comment_status":"closed","ping_status":"closed","template":"","meta":{"nb_hide_title":false,"sub_navigation_option":"custom","sub_navigation_custom_items":[2146,2353],"footnotes":""},"class_list":["post-2156","page","type-page","status-publish","hentry"],"yoast_head":"<!-- This site is optimized with the Yoast SEO Premium plugin v26.9 (Yoast SEO v26.9) - https:\/\/yoast.com\/product\/yoast-seo-premium-wordpress\/ -->\n<title>Nasjonalt samarbeid om l\u00e5nerregister og Bibliotekkortet - Kunnskapsorganisering<\/title>\n<meta name=\"robots\" content=\"index, follow, max-snippet:-1, max-image-preview:large, max-video-preview:-1\" \/>\n<link rel=\"canonical\" href=\"https:\/\/bibliotekutvikling.no\/kunnskapsorganisering\/nasjonalt-samarbeid-om-lanerregister-og-bibliotekkortet\/\" \/>\n<meta property=\"og:locale\" content=\"nb_NO\" \/>\n<meta property=\"og:type\" content=\"article\" \/>\n<meta property=\"og:title\" content=\"Nasjonalt samarbeid om l\u00e5nerregister og Bibliotekkortet\" \/>\n<meta property=\"og:url\" content=\"https:\/\/bibliotekutvikling.no\/kunnskapsorganisering\/nasjonalt-samarbeid-om-lanerregister-og-bibliotekkortet\/\" \/>\n<meta property=\"og:site_name\" content=\"Kunnskapsorganisering\" \/>\n<meta property=\"article:modified_time\" content=\"2025-09-03T11:31:50+00:00\" \/>\n<meta name=\"twitter:card\" content=\"summary_large_image\" \/>\n<meta name=\"twitter:label1\" content=\"Ansl. lesetid\" \/>\n\t<meta name=\"twitter:data1\" content=\"4 minutter\" \/>\n<script type=\"application\/ld+json\" class=\"yoast-schema-graph\">{\"@context\":\"https:\/\/schema.org\",\"@graph\":[{\"@type\":\"WebPage\",\"@id\":\"https:\/\/bibliotekutvikling.no\/kunnskapsorganisering\/nasjonalt-samarbeid-om-lanerregister-og-bibliotekkortet\/\",\"url\":\"https:\/\/bibliotekutvikling.no\/kunnskapsorganisering\/nasjonalt-samarbeid-om-lanerregister-og-bibliotekkortet\/\",\"name\":\"Nasjonalt samarbeid om l\u00e5nerregister og Bibliotekkortet - Kunnskapsorganisering\",\"isPartOf\":{\"@id\":\"https:\/\/bibliotekutvikling.no\/kunnskapsorganisering\/#website\"},\"datePublished\":\"2024-06-24T12:50:18+00:00\",\"dateModified\":\"2025-09-03T11:31:50+00:00\",\"breadcrumb\":{\"@id\":\"https:\/\/bibliotekutvikling.no\/kunnskapsorganisering\/nasjonalt-samarbeid-om-lanerregister-og-bibliotekkortet\/#breadcrumb\"},\"inLanguage\":\"nb-NO\",\"potentialAction\":[{\"@type\":\"ReadAction\",\"target\":[\"https:\/\/bibliotekutvikling.no\/kunnskapsorganisering\/nasjonalt-samarbeid-om-lanerregister-og-bibliotekkortet\/\"]}]},{\"@type\":\"BreadcrumbList\",\"@id\":\"https:\/\/bibliotekutvikling.no\/kunnskapsorganisering\/nasjonalt-samarbeid-om-lanerregister-og-bibliotekkortet\/#breadcrumb\",\"itemListElement\":[{\"@type\":\"ListItem\",\"position\":1,\"name\":\"Home\",\"item\":\"https:\/\/bibliotekutvikling.no\/kunnskapsorganisering\/\"},{\"@type\":\"ListItem\",\"position\":2,\"name\":\"Nasjonalt samarbeid om l\u00e5nerregister og Bibliotekkortet\"}]},{\"@type\":\"WebSite\",\"@id\":\"https:\/\/bibliotekutvikling.no\/kunnskapsorganisering\/#website\",\"url\":\"https:\/\/bibliotekutvikling.no\/kunnskapsorganisering\/\",\"name\":\"Kunnskapsorganisering\",\"description\":\"Ressurser i kunnskapsorganisering\",\"publisher\":{\"@id\":\"https:\/\/bibliotekutvikling.no\/kunnskapsorganisering\/#organization\"},\"potentialAction\":[{\"@type\":\"SearchAction\",\"target\":{\"@type\":\"EntryPoint\",\"urlTemplate\":\"https:\/\/bibliotekutvikling.no\/kunnskapsorganisering\/?s={search_term_string}\"},\"query-input\":{\"@type\":\"PropertyValueSpecification\",\"valueRequired\":true,\"valueName\":\"search_term_string\"}}],\"inLanguage\":\"nb-NO\"},{\"@type\":\"Organization\",\"@id\":\"https:\/\/bibliotekutvikling.no\/kunnskapsorganisering\/#organization\",\"name\":\"Kunnskapsorganisering\",\"url\":\"https:\/\/bibliotekutvikling.no\/kunnskapsorganisering\/\",\"logo\":{\"@type\":\"ImageObject\",\"inLanguage\":\"nb-NO\",\"@id\":\"https:\/\/bibliotekutvikling.no\/kunnskapsorganisering\/#\/schema\/logo\/image\/\",\"url\":\"https:\/\/bibliotekutvikling.no\/content\/uploads\/sites\/8\/2024\/07\/MiniatyrBilde_logo.png\",\"contentUrl\":\"https:\/\/bibliotekutvikling.no\/content\/uploads\/sites\/8\/2024\/07\/MiniatyrBilde_logo.png\",\"width\":824,\"height\":744,\"caption\":\"Kunnskapsorganisering\"},\"image\":{\"@id\":\"https:\/\/bibliotekutvikling.no\/kunnskapsorganisering\/#\/schema\/logo\/image\/\"}}]}<\/script>\n<!-- \/ Yoast SEO Premium plugin. -->","yoast_head_json":{"title":"Nasjonalt samarbeid om l\u00e5nerregister og Bibliotekkortet - Kunnskapsorganisering","robots":{"index":"index","follow":"follow","max-snippet":"max-snippet:-1","max-image-preview":"max-image-preview:large","max-video-preview":"max-video-preview:-1"},"canonical":"https:\/\/bibliotekutvikling.no\/kunnskapsorganisering\/nasjonalt-samarbeid-om-lanerregister-og-bibliotekkortet\/","og_locale":"nb_NO","og_type":"article","og_title":"Nasjonalt samarbeid om l\u00e5nerregister og Bibliotekkortet","og_url":"https:\/\/bibliotekutvikling.no\/kunnskapsorganisering\/nasjonalt-samarbeid-om-lanerregister-og-bibliotekkortet\/","og_site_name":"Kunnskapsorganisering","article_modified_time":"2025-09-03T11:31:50+00:00","twitter_card":"summary_large_image","twitter_misc":{"Ansl. lesetid":"4 minutter"},"schema":{"@context":"https:\/\/schema.org","@graph":[{"@type":"WebPage","@id":"https:\/\/bibliotekutvikling.no\/kunnskapsorganisering\/nasjonalt-samarbeid-om-lanerregister-og-bibliotekkortet\/","url":"https:\/\/bibliotekutvikling.no\/kunnskapsorganisering\/nasjonalt-samarbeid-om-lanerregister-og-bibliotekkortet\/","name":"Nasjonalt samarbeid om l\u00e5nerregister og Bibliotekkortet - Kunnskapsorganisering","isPartOf":{"@id":"https:\/\/bibliotekutvikling.no\/kunnskapsorganisering\/#website"},"datePublished":"2024-06-24T12:50:18+00:00","dateModified":"2025-09-03T11:31:50+00:00","breadcrumb":{"@id":"https:\/\/bibliotekutvikling.no\/kunnskapsorganisering\/nasjonalt-samarbeid-om-lanerregister-og-bibliotekkortet\/#breadcrumb"},"inLanguage":"nb-NO","potentialAction":[{"@type":"ReadAction","target":["https:\/\/bibliotekutvikling.no\/kunnskapsorganisering\/nasjonalt-samarbeid-om-lanerregister-og-bibliotekkortet\/"]}]},{"@type":"BreadcrumbList","@id":"https:\/\/bibliotekutvikling.no\/kunnskapsorganisering\/nasjonalt-samarbeid-om-lanerregister-og-bibliotekkortet\/#breadcrumb","itemListElement":[{"@type":"ListItem","position":1,"name":"Home","item":"https:\/\/bibliotekutvikling.no\/kunnskapsorganisering\/"},{"@type":"ListItem","position":2,"name":"Nasjonalt samarbeid om l\u00e5nerregister og Bibliotekkortet"}]},{"@type":"WebSite","@id":"https:\/\/bibliotekutvikling.no\/kunnskapsorganisering\/#website","url":"https:\/\/bibliotekutvikling.no\/kunnskapsorganisering\/","name":"Kunnskapsorganisering","description":"Ressurser i kunnskapsorganisering","publisher":{"@id":"https:\/\/bibliotekutvikling.no\/kunnskapsorganisering\/#organization"},"potentialAction":[{"@type":"SearchAction","target":{"@type":"EntryPoint","urlTemplate":"https:\/\/bibliotekutvikling.no\/kunnskapsorganisering\/?s={search_term_string}"},"query-input":{"@type":"PropertyValueSpecification","valueRequired":true,"valueName":"search_term_string"}}],"inLanguage":"nb-NO"},{"@type":"Organization","@id":"https:\/\/bibliotekutvikling.no\/kunnskapsorganisering\/#organization","name":"Kunnskapsorganisering","url":"https:\/\/bibliotekutvikling.no\/kunnskapsorganisering\/","logo":{"@type":"ImageObject","inLanguage":"nb-NO","@id":"https:\/\/bibliotekutvikling.no\/kunnskapsorganisering\/#\/schema\/logo\/image\/","url":"https:\/\/bibliotekutvikling.no\/content\/uploads\/sites\/8\/2024\/07\/MiniatyrBilde_logo.png","contentUrl":"https:\/\/bibliotekutvikling.no\/content\/uploads\/sites\/8\/2024\/07\/MiniatyrBilde_logo.png","width":824,"height":744,"caption":"Kunnskapsorganisering"},"image":{"@id":"https:\/\/bibliotekutvikling.no\/kunnskapsorganisering\/#\/schema\/logo\/image\/"}}]}},"_links":{"self":[{"href":"https:\/\/bibliotekutvikling.no\/kunnskapsorganisering\/wp-json\/wp\/v2\/pages\/2156","targetHints":{"allow":["GET"]}}],"collection":[{"href":"https:\/\/bibliotekutvikling.no\/kunnskapsorganisering\/wp-json\/wp\/v2\/pages"}],"about":[{"href":"https:\/\/bibliotekutvikling.no\/kunnskapsorganisering\/wp-json\/wp\/v2\/types\/page"}],"author":[{"embeddable":true,"href":"https:\/\/bibliotekutvikling.no\/kunnskapsorganisering\/wp-json\/wp\/v2\/users\/6868"}],"replies":[{"embeddable":true,"href":"https:\/\/bibliotekutvikling.no\/kunnskapsorganisering\/wp-json\/wp\/v2\/comments?post=2156"}],"version-history":[{"count":5,"href":"https:\/\/bibliotekutvikling.no\/kunnskapsorganisering\/wp-json\/wp\/v2\/pages\/2156\/revisions"}],"predecessor-version":[{"id":2570,"href":"https:\/\/bibliotekutvikling.no\/kunnskapsorganisering\/wp-json\/wp\/v2\/pages\/2156\/revisions\/2570"}],"wp:attachment":[{"href":"https:\/\/bibliotekutvikling.no\/kunnskapsorganisering\/wp-json\/wp\/v2\/media?parent=2156"}],"curies":[{"name":"wp","href":"https:\/\/api.w.org\/{rel}","templated":true}]}}