{"id":2146,"date":"2024-06-24T14:50:29","date_gmt":"2024-06-24T12:50:29","guid":{"rendered":"https:\/\/bibliotekutvikling.no\/kunnskapsorganisering\/?page_id=2146"},"modified":"2024-06-24T14:51:03","modified_gmt":"2024-06-24T12:51:03","slug":"krav-til-leverandorer-nasjonalt-lanerregister","status":"publish","type":"page","link":"https:\/\/bibliotekutvikling.no\/kunnskapsorganisering\/nasjonalt-samarbeid-om-lanerregister-og-bibliotekkortet\/krav-til-leverandorer-nasjonalt-lanerregister\/","title":{"rendered":"Krav til leverand\u00f8rer : nasjonalt l\u00e5nerregister"},"content":{"rendered":"\n<p>Sist oppdatert 24.06.2024<\/p>\n\n\n\n<p>Autentiseringsniv\u00e5=nlsso-loa-low (PIN-kode), nlsso-loa-substantial (passord, PIN-kode+engangskode), nlsso-loa-high (ID-Porten, Feide)&nbsp;<\/p>\n\n\n\n<h2 class=\"wp-block-heading\">Utveksling av persondata &#8211; Nedlasting av persondata\u00a0<\/h2>\n\n\n\n<p>Konsekvens av \u00e5 ikke st\u00f8tte:\u202f&nbsp;<\/p>\n\n\n\n<ul class=\"wp-block-list\">\n<li>Systemet vil ikke f\u00e5 oppdaterte persondata\u00a0<\/li>\n\n\n\n<li>Systemet vil ikke f\u00e5 oppdaterte kommunikasjonskanaler (mobilnummer, e-postadresse)\u00a0<\/li>\n\n\n\n<li>Systemet vil ikke f\u00e5 oppdaterte PIN-koder og passord\u00a0<\/li>\n\n\n\n<li>Systemet vil ikke f\u00e5 l\u00e5nerens autentiseringsniv\u00e5\u00a0<\/li>\n<\/ul>\n\n\n\n<p>KRAV: SKAL ST\u00d8TTES. Et krav med stor betydning for den enkelte l\u00e5ners brukeropplevelser&nbsp;<\/p>\n\n\n\n<h2 class=\"wp-block-heading\">Utveksling av persondata &#8211; Opplasting av persondata\u00a0<\/h2>\n\n\n\n<p>Konsekvens av \u00e5 ikke st\u00f8tte:\u202f\u202f&nbsp;<\/p>\n\n\n\n<ul class=\"wp-block-list\">\n<li>Andre bibliotek vil ikke f\u00e5 oppdaterte persondata som gj\u00f8res i dette systemet\u00a0<\/li>\n\n\n\n<li>Andre bibliotek vil ikke f\u00e5 oppdaterte kommunikasjonskanaler (mobilnummer, e-postadresse)\u00a0<\/li>\n\n\n\n<li>Andre bibliotek vil ikke f\u00e5 oppdaterte PIN-koder og passord\u00a0<\/li>\n<\/ul>\n\n\n\n<p>KRAV: SKAL ST\u00d8TTES. Bruker vil oppleve at innloggingen ikke fungerer.\u00a0\u00a0<\/p>\n\n\n\n<h2 class=\"wp-block-heading\">Utveksling av persondata &#8211; Varsel om synkronisering\u00a0<\/h2>\n\n\n\n<p>Konsekvens av \u00e5 ikke st\u00f8tte:\u202f\u202f&nbsp;<\/p>\n\n\n\n<ul class=\"wp-block-list\">\n<li>Endringer gjort p\u00e5 l\u00e5ner hos de enkelte bibliotek blir ikke tilgjengelig i systemet f\u00f8r dagen etter.\u202f Problematisk for PIN-kode, passord, mobilnummer og e-postadresse. L\u00e5ner vil ikke kunne logge seg inn.&nbsp;&nbsp;<\/li>\n<\/ul>\n\n\n\n<p>KRAV: SKAL ST\u00d8TTES. Dette er en klar ulempe for brukerne.&nbsp;&nbsp;<\/p>\n\n\n\n<h2 class=\"wp-block-heading\">Autentiseringsniv\u00e5\u00a0<\/h2>\n\n\n\n<p>Konsekvens av \u00e5 ikke st\u00f8tte:\u202f\u202f&nbsp;<\/p>\n\n\n\n<ul class=\"wp-block-list\">\n<li>L\u00e5ner kan logge inn med lavere autentiseringsniv\u00e5 (f.eks. med pinkode) p\u00e5 tilknyttede bibliotek. Noe som betyr d\u00e5rligere sikkerhet for l\u00e5nerens personopplysninger.&nbsp;&nbsp;<\/li>\n<\/ul>\n\n\n\n<p>KRAV: SKAL ST\u00d8TTES&nbsp;<\/p>\n\n\n\n<p><em>Hvis systemet kun st\u00f8tter innlogging med h\u00f8yeste autentiseringsniv\u00e5 (nlsso-loa-high) kan kravet regnes som et B\u00d8R-krav da l\u00e5neren ikke vil kunne logge inn med lavere autentiseringsniv\u00e5 enn det som er satt i Nasjonalt l\u00e5nerregister<\/em>&nbsp;<\/p>\n\n\n\n<h2 class=\"wp-block-heading\">Passord for l\u00e5nere\u00a0<\/h2>\n\n\n\n<p>Konsekvens av \u00e5 ikke st\u00f8tte:\u202f\u202f&nbsp;<\/p>\n\n\n\n<ul class=\"wp-block-list\">\n<li>L\u00e5ner vil ikke kunne logge seg inn hvis autentiseringsniv\u00e5 er satt til passord eller h\u00f8yere hvis biblioteket ikke st\u00f8tter h\u00f8yere autentiseringsniv\u00e5 enn nlsso-loa-low&nbsp;<\/li>\n<\/ul>\n\n\n\n<p>KRAV: VI ANBEFALER \u00c5 ST\u00d8TTE PASSORD. MEN ENTEN M\u00c5 DETTE ST\u00d8TTES, ELLER S\u00c5 M\u00c5 EN BENYTTE L\u00d8SNINGEN MED EKSTERN AUTENTISERINGSL\u00d8SNING UNDER&nbsp;<\/p>\n\n\n\n<p><em>Hvis systemet ikke st\u00f8tter passord m\u00e5 autentisering vha pinkode blokkeres hvis l\u00e5ner har satt autentiseringsniv\u00e5et til nlsso-loa-substantial eller h\u00f8yere.\u202f Autentisering vha pinkode+engangskode (flerfaktorautentisering) regnes som nlsso-loa-substantial og tillates<\/em>&nbsp;<\/p>\n\n\n\n<h2 class=\"wp-block-heading\">Autentisering med ekstern autentiseringsl\u00f8sning (OpenID Connect)\u00a0<\/h2>\n\n\n\n<p>Konsekvens av \u00e5 ikke st\u00f8tte:\u202f\u202f&nbsp;<\/p>\n\n\n\n<ul class=\"wp-block-list\">\n<li>Systemet m\u00e5 selv h\u00e5ndtere alle autentiseringsmetodene som biblioteket \u00f8nsker \u00e5 tilby l\u00e5nerne sine&nbsp;<\/li>\n<\/ul>\n\n\n\n<p>KRAV: ENTEN M\u00c5 DETTE ST\u00d8TTES, ELLER S\u00c5 M\u00c5 EN ST\u00d8TTE PASSORD&nbsp;<\/p>\n\n\n\n<p><em>Dette er en tilleggstjeneste for \u00e5 avhjelpe autentisering i systemene. Bibliotekene kan p\u00e5 denne m\u00e5ten tilby innlogging ved hjelp av f.eks. ID-Porten selv om biblioteket ikke selv har denne tjenesten gjennom sitt eget biblioteksystem.&nbsp;<\/em>&nbsp;<\/p>\n\n\n\n<h2 class=\"wp-block-heading\">Automatisk sjekk av l\u00e5nernummerserier\u00a0<\/h2>\n\n\n\n<p>Konsekvens av \u00e5 ikke st\u00f8tte:\u202f\u202f&nbsp;<\/p>\n\n\n\n<ul class=\"wp-block-list\">\n<li>Det kan oppst\u00e5 tilfeller hvor bibliotek tar i bruk nummerserier som ikke de eier, og dermed utsteder l\u00e5nekort som er utsendt til en annen l\u00e5ner.&nbsp;&nbsp;<\/li>\n<\/ul>\n\n\n\n<p>KRAV: SKAL ST\u00d8TTES&nbsp;<\/p>\n\n\n\n<p><em>Denne sjekken m\u00e5 gj\u00f8res for \u00e5 sikre at biblioteket har rett til \u00e5 bruke l\u00e5nenummeret. Dette er fordi bibliotekene fortsatt vil benytte fysiske kort.&nbsp;<\/em>&nbsp;<\/p>\n\n\n\n<h2 class=\"wp-block-heading\">Oppdatering av sist aktiv\u00a0<\/h2>\n\n\n\n<p>Konsekvens av \u00e5 ikke st\u00f8tte:\u202f\u202f&nbsp;<\/p>\n\n\n\n<ul class=\"wp-block-list\">\n<li>L\u00e5nere som er aktive i systemet blir ikke registrert som aktive i Nasjonalt l\u00e5nerregister, og vil automatisk bli slettet etter en viss tid med inaktivitet&nbsp;<\/li>\n<\/ul>\n\n\n\n<p>KRAV: SKAL ST\u00d8TTES&nbsp;<\/p>\n\n\n\n<h2 class=\"wp-block-heading\">Andre krav\u00a0<\/h2>\n\n\n\n<p>SKAL: Persondata som systemet ikke st\u00f8tter m\u00e5 i sin helhet utveksles uendret.\u202f Hvis f.eks. systemet ikke st\u00f8tter passord skal passordfeltet ikke endres ved synkronisering.&nbsp;<\/p>\n\n\n\n<p>SKAL:\u202fSystemet skal sikre at persondata minimeres og ikke eksponeres for uvedkommende.&nbsp;<\/p>\n","protected":false},"excerpt":{"rendered":"","protected":false},"author":6868,"featured_media":0,"parent":2156,"menu_order":0,"comment_status":"closed","ping_status":"closed","template":"","meta":{"nb_hide_title":false,"sub_navigation_option":"","sub_navigation_custom_items":[],"footnotes":""},"class_list":["post-2146","page","type-page","status-publish","hentry"],"yoast_head":"<!-- This site is optimized with the Yoast SEO Premium plugin v27.1 (Yoast SEO v27.1.1) - https:\/\/yoast.com\/product\/yoast-seo-premium-wordpress\/ -->\n<title>Krav til leverand\u00f8rer : nasjonalt l\u00e5nerregister - Kunnskapsorganisering<\/title>\n<meta name=\"robots\" content=\"index, follow, max-snippet:-1, max-image-preview:large, max-video-preview:-1\" \/>\n<link rel=\"canonical\" href=\"https:\/\/bibliotekutvikling.no\/kunnskapsorganisering\/nasjonalt-samarbeid-om-lanerregister-og-bibliotekkortet\/krav-til-leverandorer-nasjonalt-lanerregister\/\" \/>\n<meta property=\"og:locale\" content=\"nb_NO\" \/>\n<meta property=\"og:type\" content=\"article\" \/>\n<meta property=\"og:title\" content=\"Krav til leverand\u00f8rer : nasjonalt l\u00e5nerregister\" \/>\n<meta property=\"og:url\" content=\"https:\/\/bibliotekutvikling.no\/kunnskapsorganisering\/nasjonalt-samarbeid-om-lanerregister-og-bibliotekkortet\/krav-til-leverandorer-nasjonalt-lanerregister\/\" \/>\n<meta property=\"og:site_name\" content=\"Kunnskapsorganisering\" \/>\n<meta property=\"article:modified_time\" content=\"2024-06-24T12:51:03+00:00\" \/>\n<meta name=\"twitter:card\" content=\"summary_large_image\" \/>\n<meta name=\"twitter:label1\" content=\"Ansl. lesetid\" \/>\n\t<meta name=\"twitter:data1\" content=\"3 minutter\" \/>\n<script type=\"application\/ld+json\" class=\"yoast-schema-graph\">{\"@context\":\"https:\/\/schema.org\",\"@graph\":[{\"@type\":\"WebPage\",\"@id\":\"https:\/\/bibliotekutvikling.no\/kunnskapsorganisering\/nasjonalt-samarbeid-om-lanerregister-og-bibliotekkortet\/krav-til-leverandorer-nasjonalt-lanerregister\/\",\"url\":\"https:\/\/bibliotekutvikling.no\/kunnskapsorganisering\/nasjonalt-samarbeid-om-lanerregister-og-bibliotekkortet\/krav-til-leverandorer-nasjonalt-lanerregister\/\",\"name\":\"Krav til leverand\u00f8rer : nasjonalt l\u00e5nerregister - Kunnskapsorganisering\",\"isPartOf\":{\"@id\":\"https:\/\/bibliotekutvikling.no\/kunnskapsorganisering\/#website\"},\"datePublished\":\"2024-06-24T12:50:29+00:00\",\"dateModified\":\"2024-06-24T12:51:03+00:00\",\"breadcrumb\":{\"@id\":\"https:\/\/bibliotekutvikling.no\/kunnskapsorganisering\/nasjonalt-samarbeid-om-lanerregister-og-bibliotekkortet\/krav-til-leverandorer-nasjonalt-lanerregister\/#breadcrumb\"},\"inLanguage\":\"nb-NO\",\"potentialAction\":[{\"@type\":\"ReadAction\",\"target\":[\"https:\/\/bibliotekutvikling.no\/kunnskapsorganisering\/nasjonalt-samarbeid-om-lanerregister-og-bibliotekkortet\/krav-til-leverandorer-nasjonalt-lanerregister\/\"]}]},{\"@type\":\"BreadcrumbList\",\"@id\":\"https:\/\/bibliotekutvikling.no\/kunnskapsorganisering\/nasjonalt-samarbeid-om-lanerregister-og-bibliotekkortet\/krav-til-leverandorer-nasjonalt-lanerregister\/#breadcrumb\",\"itemListElement\":[{\"@type\":\"ListItem\",\"position\":1,\"name\":\"Home\",\"item\":\"https:\/\/bibliotekutvikling.no\/kunnskapsorganisering\/\"},{\"@type\":\"ListItem\",\"position\":2,\"name\":\"Nasjonalt samarbeid om l\u00e5nerregister og Bibliotekkortet\",\"item\":\"https:\/\/bibliotekutvikling.no\/kunnskapsorganisering\/nasjonalt-samarbeid-om-lanerregister-og-bibliotekkortet\/\"},{\"@type\":\"ListItem\",\"position\":3,\"name\":\"Krav til leverand\u00f8rer : nasjonalt l\u00e5nerregister\"}]},{\"@type\":\"WebSite\",\"@id\":\"https:\/\/bibliotekutvikling.no\/kunnskapsorganisering\/#website\",\"url\":\"https:\/\/bibliotekutvikling.no\/kunnskapsorganisering\/\",\"name\":\"Kunnskapsorganisering\",\"description\":\"Ressurser i kunnskapsorganisering\",\"publisher\":{\"@id\":\"https:\/\/bibliotekutvikling.no\/kunnskapsorganisering\/#organization\"},\"potentialAction\":[{\"@type\":\"SearchAction\",\"target\":{\"@type\":\"EntryPoint\",\"urlTemplate\":\"https:\/\/bibliotekutvikling.no\/kunnskapsorganisering\/?s={search_term_string}\"},\"query-input\":{\"@type\":\"PropertyValueSpecification\",\"valueRequired\":true,\"valueName\":\"search_term_string\"}}],\"inLanguage\":\"nb-NO\"},{\"@type\":\"Organization\",\"@id\":\"https:\/\/bibliotekutvikling.no\/kunnskapsorganisering\/#organization\",\"name\":\"Kunnskapsorganisering\",\"url\":\"https:\/\/bibliotekutvikling.no\/kunnskapsorganisering\/\",\"logo\":{\"@type\":\"ImageObject\",\"inLanguage\":\"nb-NO\",\"@id\":\"https:\/\/bibliotekutvikling.no\/kunnskapsorganisering\/#\/schema\/logo\/image\/\",\"url\":\"https:\/\/bibliotekutvikling.no\/content\/uploads\/sites\/8\/2024\/07\/MiniatyrBilde_logo.png\",\"contentUrl\":\"https:\/\/bibliotekutvikling.no\/content\/uploads\/sites\/8\/2024\/07\/MiniatyrBilde_logo.png\",\"width\":824,\"height\":744,\"caption\":\"Kunnskapsorganisering\"},\"image\":{\"@id\":\"https:\/\/bibliotekutvikling.no\/kunnskapsorganisering\/#\/schema\/logo\/image\/\"}}]}<\/script>\n<!-- \/ Yoast SEO Premium plugin. -->","yoast_head_json":{"title":"Krav til leverand\u00f8rer : nasjonalt l\u00e5nerregister - Kunnskapsorganisering","robots":{"index":"index","follow":"follow","max-snippet":"max-snippet:-1","max-image-preview":"max-image-preview:large","max-video-preview":"max-video-preview:-1"},"canonical":"https:\/\/bibliotekutvikling.no\/kunnskapsorganisering\/nasjonalt-samarbeid-om-lanerregister-og-bibliotekkortet\/krav-til-leverandorer-nasjonalt-lanerregister\/","og_locale":"nb_NO","og_type":"article","og_title":"Krav til leverand\u00f8rer : nasjonalt l\u00e5nerregister","og_url":"https:\/\/bibliotekutvikling.no\/kunnskapsorganisering\/nasjonalt-samarbeid-om-lanerregister-og-bibliotekkortet\/krav-til-leverandorer-nasjonalt-lanerregister\/","og_site_name":"Kunnskapsorganisering","article_modified_time":"2024-06-24T12:51:03+00:00","twitter_card":"summary_large_image","twitter_misc":{"Ansl. lesetid":"3 minutter"},"schema":{"@context":"https:\/\/schema.org","@graph":[{"@type":"WebPage","@id":"https:\/\/bibliotekutvikling.no\/kunnskapsorganisering\/nasjonalt-samarbeid-om-lanerregister-og-bibliotekkortet\/krav-til-leverandorer-nasjonalt-lanerregister\/","url":"https:\/\/bibliotekutvikling.no\/kunnskapsorganisering\/nasjonalt-samarbeid-om-lanerregister-og-bibliotekkortet\/krav-til-leverandorer-nasjonalt-lanerregister\/","name":"Krav til leverand\u00f8rer : nasjonalt l\u00e5nerregister - Kunnskapsorganisering","isPartOf":{"@id":"https:\/\/bibliotekutvikling.no\/kunnskapsorganisering\/#website"},"datePublished":"2024-06-24T12:50:29+00:00","dateModified":"2024-06-24T12:51:03+00:00","breadcrumb":{"@id":"https:\/\/bibliotekutvikling.no\/kunnskapsorganisering\/nasjonalt-samarbeid-om-lanerregister-og-bibliotekkortet\/krav-til-leverandorer-nasjonalt-lanerregister\/#breadcrumb"},"inLanguage":"nb-NO","potentialAction":[{"@type":"ReadAction","target":["https:\/\/bibliotekutvikling.no\/kunnskapsorganisering\/nasjonalt-samarbeid-om-lanerregister-og-bibliotekkortet\/krav-til-leverandorer-nasjonalt-lanerregister\/"]}]},{"@type":"BreadcrumbList","@id":"https:\/\/bibliotekutvikling.no\/kunnskapsorganisering\/nasjonalt-samarbeid-om-lanerregister-og-bibliotekkortet\/krav-til-leverandorer-nasjonalt-lanerregister\/#breadcrumb","itemListElement":[{"@type":"ListItem","position":1,"name":"Home","item":"https:\/\/bibliotekutvikling.no\/kunnskapsorganisering\/"},{"@type":"ListItem","position":2,"name":"Nasjonalt samarbeid om l\u00e5nerregister og Bibliotekkortet","item":"https:\/\/bibliotekutvikling.no\/kunnskapsorganisering\/nasjonalt-samarbeid-om-lanerregister-og-bibliotekkortet\/"},{"@type":"ListItem","position":3,"name":"Krav til leverand\u00f8rer : nasjonalt l\u00e5nerregister"}]},{"@type":"WebSite","@id":"https:\/\/bibliotekutvikling.no\/kunnskapsorganisering\/#website","url":"https:\/\/bibliotekutvikling.no\/kunnskapsorganisering\/","name":"Kunnskapsorganisering","description":"Ressurser i kunnskapsorganisering","publisher":{"@id":"https:\/\/bibliotekutvikling.no\/kunnskapsorganisering\/#organization"},"potentialAction":[{"@type":"SearchAction","target":{"@type":"EntryPoint","urlTemplate":"https:\/\/bibliotekutvikling.no\/kunnskapsorganisering\/?s={search_term_string}"},"query-input":{"@type":"PropertyValueSpecification","valueRequired":true,"valueName":"search_term_string"}}],"inLanguage":"nb-NO"},{"@type":"Organization","@id":"https:\/\/bibliotekutvikling.no\/kunnskapsorganisering\/#organization","name":"Kunnskapsorganisering","url":"https:\/\/bibliotekutvikling.no\/kunnskapsorganisering\/","logo":{"@type":"ImageObject","inLanguage":"nb-NO","@id":"https:\/\/bibliotekutvikling.no\/kunnskapsorganisering\/#\/schema\/logo\/image\/","url":"https:\/\/bibliotekutvikling.no\/content\/uploads\/sites\/8\/2024\/07\/MiniatyrBilde_logo.png","contentUrl":"https:\/\/bibliotekutvikling.no\/content\/uploads\/sites\/8\/2024\/07\/MiniatyrBilde_logo.png","width":824,"height":744,"caption":"Kunnskapsorganisering"},"image":{"@id":"https:\/\/bibliotekutvikling.no\/kunnskapsorganisering\/#\/schema\/logo\/image\/"}}]}},"_links":{"self":[{"href":"https:\/\/bibliotekutvikling.no\/kunnskapsorganisering\/wp-json\/wp\/v2\/pages\/2146","targetHints":{"allow":["GET"]}}],"collection":[{"href":"https:\/\/bibliotekutvikling.no\/kunnskapsorganisering\/wp-json\/wp\/v2\/pages"}],"about":[{"href":"https:\/\/bibliotekutvikling.no\/kunnskapsorganisering\/wp-json\/wp\/v2\/types\/page"}],"author":[{"embeddable":true,"href":"https:\/\/bibliotekutvikling.no\/kunnskapsorganisering\/wp-json\/wp\/v2\/users\/6868"}],"replies":[{"embeddable":true,"href":"https:\/\/bibliotekutvikling.no\/kunnskapsorganisering\/wp-json\/wp\/v2\/comments?post=2146"}],"version-history":[{"count":3,"href":"https:\/\/bibliotekutvikling.no\/kunnskapsorganisering\/wp-json\/wp\/v2\/pages\/2146\/revisions"}],"predecessor-version":[{"id":2153,"href":"https:\/\/bibliotekutvikling.no\/kunnskapsorganisering\/wp-json\/wp\/v2\/pages\/2146\/revisions\/2153"}],"up":[{"embeddable":true,"href":"https:\/\/bibliotekutvikling.no\/kunnskapsorganisering\/wp-json\/wp\/v2\/pages\/2156"}],"wp:attachment":[{"href":"https:\/\/bibliotekutvikling.no\/kunnskapsorganisering\/wp-json\/wp\/v2\/media?parent=2146"}],"curies":[{"name":"wp","href":"https:\/\/api.w.org\/{rel}","templated":true}]}}